{"id":271,"date":"2024-07-11T15:04:21","date_gmt":"2024-07-11T15:04:21","guid":{"rendered":"https:\/\/melbet.plus\/congo\/?page_id=271"},"modified":"2026-01-29T13:23:24","modified_gmt":"2026-01-29T13:23:24","slug":"app","status":"publish","type":"page","link":"https:\/\/melbet.plus\/congo\/app\/","title":{"rendered":"Application"},"content":{"rendered":"","protected":false},"excerpt":{"rendered":"","protected":false},"author":1,"featured_media":0,"parent":0,"menu_order":0,"comment_status":"closed","ping_status":"closed","template":"","meta":{"inline_featured_image":false,"footnotes":""},"class_list":["post-271","page","type-page","status-publish","hentry"],"yoast_head":"<!-- This site is optimized with the Yoast SEO plugin v27.5 - https:\/\/yoast.com\/product\/yoast-seo-wordpress\/ -->\n<title>T\u00e9l\u00e9chargez l&#039;application Melbet pour Android et iOS.<\/title>\n<meta name=\"description\" content=\"T\u00e9l\u00e9chargez gratuitement l&#039;application officielle Melbet Congo \ud83d\udcf1 pour Android et iOS (iPhone et iPad) dans Ann\u00e9e en cours\u2705 Derni\u00e8re version de l&#039;application Melbet \u26a1 Obtenez un bonus de bienvenue de 100 % sur votre premier d\u00e9p\u00f4t\" \/>\n<meta name=\"robots\" content=\"index, follow, max-snippet:-1, max-image-preview:large, max-video-preview:-1\" \/>\n<meta property=\"og:locale\" content=\"fr_FR\" \/>\n<meta property=\"og:type\" content=\"article\" \/>\n<meta property=\"og:title\" content=\"T\u00e9l\u00e9chargez l&#039;application Melbet pour Android et iOS.\" \/>\n<meta property=\"og:description\" content=\"T\u00e9l\u00e9chargez gratuitement l&#039;application officielle Melbet Congo \ud83d\udcf1 pour Android et iOS (iPhone et iPad) dans Ann\u00e9e en cours\u2705 Derni\u00e8re version de l&#039;application Melbet \u26a1 Obtenez un bonus de bienvenue de 100 % sur votre premier d\u00e9p\u00f4t\" \/>\n<meta property=\"og:url\" content=\"https:\/\/melbet.plus\/congo\/app\/\" \/>\n<meta property=\"og:site_name\" content=\"Melbet CD\" \/>\n<meta property=\"article:modified_time\" content=\"2026-01-29T13:23:24+00:00\" \/>\n<meta name=\"twitter:card\" content=\"summary_large_image\" \/>\n<script type=\"application\/ld+json\" class=\"yoast-schema-graph\">{\"@context\":\"https:\\\/\\\/schema.org\",\"@graph\":[{\"@type\":\"WebPage\",\"@id\":\"https:\\\/\\\/melbet.plus\\\/congo\\\/app\\\/\",\"url\":\"https:\\\/\\\/melbet.plus\\\/congo\\\/app\\\/\",\"name\":\"T\u00e9l\u00e9chargez l'application Melbet pour Android et iOS.\",\"isPartOf\":{\"@id\":\"https:\\\/\\\/melbet.plus\\\/congo\\\/#website\"},\"datePublished\":\"2024-07-11T15:04:21+00:00\",\"dateModified\":\"2026-01-29T13:23:24+00:00\",\"description\":\"T\u00e9l\u00e9chargez gratuitement l'application officielle Melbet Congo \ud83d\udcf1 pour Android et iOS (iPhone et iPad) dans Ann\u00e9e en cours\u2705 Derni\u00e8re version de l'application Melbet \u26a1 Obtenez un bonus de bienvenue de 100 % sur votre premier d\u00e9p\u00f4t\",\"breadcrumb\":{\"@id\":\"https:\\\/\\\/melbet.plus\\\/congo\\\/app\\\/#breadcrumb\"},\"inLanguage\":\"fr-CD\",\"potentialAction\":[{\"@type\":\"ReadAction\",\"target\":[\"https:\\\/\\\/melbet.plus\\\/congo\\\/app\\\/\"]}]},{\"@type\":\"BreadcrumbList\",\"@id\":\"https:\\\/\\\/melbet.plus\\\/congo\\\/app\\\/#breadcrumb\",\"itemListElement\":[{\"@type\":\"ListItem\",\"position\":1,\"name\":\"Home\",\"item\":\"https:\\\/\\\/melbet.plus\\\/congo\\\/\"},{\"@type\":\"ListItem\",\"position\":2,\"name\":\"Application\"}]},{\"@type\":\"WebSite\",\"@id\":\"https:\\\/\\\/melbet.plus\\\/congo\\\/#website\",\"url\":\"https:\\\/\\\/melbet.plus\\\/congo\\\/\",\"name\":\"Melbet CD\",\"description\":\"My WordPress Blog\",\"potentialAction\":[{\"@type\":\"SearchAction\",\"target\":{\"@type\":\"EntryPoint\",\"urlTemplate\":\"https:\\\/\\\/melbet.plus\\\/congo\\\/?s={search_term_string}\"},\"query-input\":{\"@type\":\"PropertyValueSpecification\",\"valueRequired\":true,\"valueName\":\"search_term_string\"}}],\"inLanguage\":\"fr-CD\"}]}<\/script>\n<!-- \/ Yoast SEO plugin. -->","yoast_head_json":{"title":"T\u00e9l\u00e9chargez l'application Melbet pour Android et iOS.","description":"T\u00e9l\u00e9chargez gratuitement l'application officielle Melbet Congo \ud83d\udcf1 pour Android et iOS (iPhone et iPad) dans Ann\u00e9e en cours\u2705 Derni\u00e8re version de l'application Melbet \u26a1 Obtenez un bonus de bienvenue de 100 % sur votre premier d\u00e9p\u00f4t","robots":{"index":"index","follow":"follow","max-snippet":"max-snippet:-1","max-image-preview":"max-image-preview:large","max-video-preview":"max-video-preview:-1"},"og_locale":"fr_FR","og_type":"article","og_title":"T\u00e9l\u00e9chargez l'application Melbet pour Android et iOS.","og_description":"T\u00e9l\u00e9chargez gratuitement l'application officielle Melbet Congo \ud83d\udcf1 pour Android et iOS (iPhone et iPad) dans Ann\u00e9e en cours\u2705 Derni\u00e8re version de l'application Melbet \u26a1 Obtenez un bonus de bienvenue de 100 % sur votre premier d\u00e9p\u00f4t","og_url":"https:\/\/melbet.plus\/congo\/app\/","og_site_name":"Melbet CD","article_modified_time":"2026-01-29T13:23:24+00:00","twitter_card":"summary_large_image","schema":{"@context":"https:\/\/schema.org","@graph":[{"@type":"WebPage","@id":"https:\/\/melbet.plus\/congo\/app\/","url":"https:\/\/melbet.plus\/congo\/app\/","name":"T\u00e9l\u00e9chargez l'application Melbet pour Android et iOS.","isPartOf":{"@id":"https:\/\/melbet.plus\/congo\/#website"},"datePublished":"2024-07-11T15:04:21+00:00","dateModified":"2026-01-29T13:23:24+00:00","description":"T\u00e9l\u00e9chargez gratuitement l'application officielle Melbet Congo \ud83d\udcf1 pour Android et iOS (iPhone et iPad) dans Ann\u00e9e en cours\u2705 Derni\u00e8re version de l'application Melbet \u26a1 Obtenez un bonus de bienvenue de 100 % sur votre premier d\u00e9p\u00f4t","breadcrumb":{"@id":"https:\/\/melbet.plus\/congo\/app\/#breadcrumb"},"inLanguage":"fr-CD","potentialAction":[{"@type":"ReadAction","target":["https:\/\/melbet.plus\/congo\/app\/"]}]},{"@type":"BreadcrumbList","@id":"https:\/\/melbet.plus\/congo\/app\/#breadcrumb","itemListElement":[{"@type":"ListItem","position":1,"name":"Home","item":"https:\/\/melbet.plus\/congo\/"},{"@type":"ListItem","position":2,"name":"Application"}]},{"@type":"WebSite","@id":"https:\/\/melbet.plus\/congo\/#website","url":"https:\/\/melbet.plus\/congo\/","name":"Melbet CD","description":"My WordPress Blog","potentialAction":[{"@type":"SearchAction","target":{"@type":"EntryPoint","urlTemplate":"https:\/\/melbet.plus\/congo\/?s={search_term_string}"},"query-input":{"@type":"PropertyValueSpecification","valueRequired":true,"valueName":"search_term_string"}}],"inLanguage":"fr-CD"}]}},"_links":{"self":[{"href":"https:\/\/melbet.plus\/congo\/wp-json\/wp\/v2\/pages\/271","targetHints":{"allow":["GET"]}}],"collection":[{"href":"https:\/\/melbet.plus\/congo\/wp-json\/wp\/v2\/pages"}],"about":[{"href":"https:\/\/melbet.plus\/congo\/wp-json\/wp\/v2\/types\/page"}],"author":[{"embeddable":true,"href":"https:\/\/melbet.plus\/congo\/wp-json\/wp\/v2\/users\/1"}],"replies":[{"embeddable":true,"href":"https:\/\/melbet.plus\/congo\/wp-json\/wp\/v2\/comments?post=271"}],"version-history":[{"count":5,"href":"https:\/\/melbet.plus\/congo\/wp-json\/wp\/v2\/pages\/271\/revisions"}],"predecessor-version":[{"id":964,"href":"https:\/\/melbet.plus\/congo\/wp-json\/wp\/v2\/pages\/271\/revisions\/964"}],"wp:attachment":[{"href":"https:\/\/melbet.plus\/congo\/wp-json\/wp\/v2\/media?parent=271"}],"curies":[{"name":"wp","href":"https:\/\/api.w.org\/{rel}","templated":true}]}}