{"id":727,"date":"2025-04-25T06:27:44","date_gmt":"2025-04-25T06:27:44","guid":{"rendered":"https:\/\/melbet.plus\/argentina\/?page_id=727"},"modified":"2026-01-06T18:24:55","modified_gmt":"2026-01-06T18:24:55","slug":"welcome-bonus","status":"publish","type":"page","link":"https:\/\/melbet.plus\/argentina\/bonus\/welcome-bonus\/","title":{"rendered":"Bono de bienvenida"},"content":{"rendered":"","protected":false},"excerpt":{"rendered":"","protected":false},"author":1,"featured_media":0,"parent":152,"menu_order":0,"comment_status":"closed","ping_status":"closed","template":"","meta":{"inline_featured_image":false,"footnotes":""},"class_list":["post-727","page","type-page","status-publish","hentry"],"yoast_head":"<!-- This site is optimized with the Yoast SEO plugin v27.3 - https:\/\/yoast.com\/product\/yoast-seo-wordpress\/ -->\n<title>Bono de bienvenida de Melbet de hasta 200 000 ARS: doble dep\u00f3sito tras el registro.<\/title>\n<meta name=\"description\" content=\"Consigue tus 200 000 ARS en Melbet: \u00a1solo tienes que depositar 1500 ARS despu\u00e9s de registrarte y duplicaremos tu dep\u00f3sito! No pierdas la oportunidad de aumentar tu apuesta y empezar a jugar con el bono m\u00e1ximo. Un bono que realmente funciona: \u00bflisto para cobrar?\" \/>\n<meta name=\"robots\" content=\"index, follow, max-snippet:-1, max-image-preview:large, max-video-preview:-1\" \/>\n<meta property=\"og:locale\" content=\"es_ES\" \/>\n<meta property=\"og:type\" content=\"article\" \/>\n<meta property=\"og:title\" content=\"Bono de bienvenida de Melbet de hasta 200 000 ARS: doble dep\u00f3sito tras el registro.\" \/>\n<meta property=\"og:description\" content=\"Consigue tus 200 000 ARS en Melbet: \u00a1solo tienes que depositar 1500 ARS despu\u00e9s de registrarte y duplicaremos tu dep\u00f3sito! No pierdas la oportunidad de aumentar tu apuesta y empezar a jugar con el bono m\u00e1ximo. Un bono que realmente funciona: \u00bflisto para cobrar?\" \/>\n<meta property=\"og:url\" content=\"https:\/\/melbet.plus\/argentina\/bonus\/welcome-bonus\/\" \/>\n<meta property=\"og:site_name\" content=\"Melbet ar\" \/>\n<meta property=\"article:modified_time\" content=\"2026-01-06T18:24:55+00:00\" \/>\n<meta name=\"twitter:card\" content=\"summary_large_image\" \/>\n<script type=\"application\/ld+json\" class=\"yoast-schema-graph\">{\"@context\":\"https:\\\/\\\/schema.org\",\"@graph\":[{\"@type\":\"WebPage\",\"@id\":\"https:\\\/\\\/melbet.plus\\\/argentina\\\/bonus\\\/welcome-bonus\\\/\",\"url\":\"https:\\\/\\\/melbet.plus\\\/argentina\\\/bonus\\\/welcome-bonus\\\/\",\"name\":\"Bono de bienvenida de Melbet de hasta 200 000 ARS: doble dep\u00f3sito tras el registro.\",\"isPartOf\":{\"@id\":\"https:\\\/\\\/melbet.plus\\\/argentina\\\/#website\"},\"datePublished\":\"2025-04-25T06:27:44+00:00\",\"dateModified\":\"2026-01-06T18:24:55+00:00\",\"description\":\"Consigue tus 200 000 ARS en Melbet: \u00a1solo tienes que depositar 1500 ARS despu\u00e9s de registrarte y duplicaremos tu dep\u00f3sito! No pierdas la oportunidad de aumentar tu apuesta y empezar a jugar con el bono m\u00e1ximo. Un bono que realmente funciona: \u00bflisto para cobrar?\",\"breadcrumb\":{\"@id\":\"https:\\\/\\\/melbet.plus\\\/argentina\\\/bonus\\\/welcome-bonus\\\/#breadcrumb\"},\"inLanguage\":\"es-AR\",\"potentialAction\":[{\"@type\":\"ReadAction\",\"target\":[\"https:\\\/\\\/melbet.plus\\\/argentina\\\/bonus\\\/welcome-bonus\\\/\"]}]},{\"@type\":\"BreadcrumbList\",\"@id\":\"https:\\\/\\\/melbet.plus\\\/argentina\\\/bonus\\\/welcome-bonus\\\/#breadcrumb\",\"itemListElement\":[{\"@type\":\"ListItem\",\"position\":1,\"name\":\"Home\",\"item\":\"https:\\\/\\\/melbet.plus\\\/argentina\\\/\"},{\"@type\":\"ListItem\",\"position\":2,\"name\":\"Bonificaciones\",\"item\":\"https:\\\/\\\/melbet.plus\\\/argentina\\\/bonus\\\/\"},{\"@type\":\"ListItem\",\"position\":3,\"name\":\"Bono de bienvenida\"}]},{\"@type\":\"WebSite\",\"@id\":\"https:\\\/\\\/melbet.plus\\\/argentina\\\/#website\",\"url\":\"https:\\\/\\\/melbet.plus\\\/argentina\\\/\",\"name\":\"Melbet ar\",\"description\":\"My WordPress Blog\",\"potentialAction\":[{\"@type\":\"SearchAction\",\"target\":{\"@type\":\"EntryPoint\",\"urlTemplate\":\"https:\\\/\\\/melbet.plus\\\/argentina\\\/?s={search_term_string}\"},\"query-input\":{\"@type\":\"PropertyValueSpecification\",\"valueRequired\":true,\"valueName\":\"search_term_string\"}}],\"inLanguage\":\"es-AR\"}]}<\/script>\n<!-- \/ Yoast SEO plugin. -->","yoast_head_json":{"title":"Bono de bienvenida de Melbet de hasta 200 000 ARS: doble dep\u00f3sito tras el registro.","description":"Consigue tus 200 000 ARS en Melbet: \u00a1solo tienes que depositar 1500 ARS despu\u00e9s de registrarte y duplicaremos tu dep\u00f3sito! No pierdas la oportunidad de aumentar tu apuesta y empezar a jugar con el bono m\u00e1ximo. Un bono que realmente funciona: \u00bflisto para cobrar?","robots":{"index":"index","follow":"follow","max-snippet":"max-snippet:-1","max-image-preview":"max-image-preview:large","max-video-preview":"max-video-preview:-1"},"og_locale":"es_ES","og_type":"article","og_title":"Bono de bienvenida de Melbet de hasta 200 000 ARS: doble dep\u00f3sito tras el registro.","og_description":"Consigue tus 200 000 ARS en Melbet: \u00a1solo tienes que depositar 1500 ARS despu\u00e9s de registrarte y duplicaremos tu dep\u00f3sito! No pierdas la oportunidad de aumentar tu apuesta y empezar a jugar con el bono m\u00e1ximo. Un bono que realmente funciona: \u00bflisto para cobrar?","og_url":"https:\/\/melbet.plus\/argentina\/bonus\/welcome-bonus\/","og_site_name":"Melbet ar","article_modified_time":"2026-01-06T18:24:55+00:00","twitter_card":"summary_large_image","schema":{"@context":"https:\/\/schema.org","@graph":[{"@type":"WebPage","@id":"https:\/\/melbet.plus\/argentina\/bonus\/welcome-bonus\/","url":"https:\/\/melbet.plus\/argentina\/bonus\/welcome-bonus\/","name":"Bono de bienvenida de Melbet de hasta 200 000 ARS: doble dep\u00f3sito tras el registro.","isPartOf":{"@id":"https:\/\/melbet.plus\/argentina\/#website"},"datePublished":"2025-04-25T06:27:44+00:00","dateModified":"2026-01-06T18:24:55+00:00","description":"Consigue tus 200 000 ARS en Melbet: \u00a1solo tienes que depositar 1500 ARS despu\u00e9s de registrarte y duplicaremos tu dep\u00f3sito! No pierdas la oportunidad de aumentar tu apuesta y empezar a jugar con el bono m\u00e1ximo. Un bono que realmente funciona: \u00bflisto para cobrar?","breadcrumb":{"@id":"https:\/\/melbet.plus\/argentina\/bonus\/welcome-bonus\/#breadcrumb"},"inLanguage":"es-AR","potentialAction":[{"@type":"ReadAction","target":["https:\/\/melbet.plus\/argentina\/bonus\/welcome-bonus\/"]}]},{"@type":"BreadcrumbList","@id":"https:\/\/melbet.plus\/argentina\/bonus\/welcome-bonus\/#breadcrumb","itemListElement":[{"@type":"ListItem","position":1,"name":"Home","item":"https:\/\/melbet.plus\/argentina\/"},{"@type":"ListItem","position":2,"name":"Bonificaciones","item":"https:\/\/melbet.plus\/argentina\/bonus\/"},{"@type":"ListItem","position":3,"name":"Bono de bienvenida"}]},{"@type":"WebSite","@id":"https:\/\/melbet.plus\/argentina\/#website","url":"https:\/\/melbet.plus\/argentina\/","name":"Melbet ar","description":"My WordPress Blog","potentialAction":[{"@type":"SearchAction","target":{"@type":"EntryPoint","urlTemplate":"https:\/\/melbet.plus\/argentina\/?s={search_term_string}"},"query-input":{"@type":"PropertyValueSpecification","valueRequired":true,"valueName":"search_term_string"}}],"inLanguage":"es-AR"}]}},"_links":{"self":[{"href":"https:\/\/melbet.plus\/argentina\/wp-json\/wp\/v2\/pages\/727","targetHints":{"allow":["GET"]}}],"collection":[{"href":"https:\/\/melbet.plus\/argentina\/wp-json\/wp\/v2\/pages"}],"about":[{"href":"https:\/\/melbet.plus\/argentina\/wp-json\/wp\/v2\/types\/page"}],"author":[{"embeddable":true,"href":"https:\/\/melbet.plus\/argentina\/wp-json\/wp\/v2\/users\/1"}],"replies":[{"embeddable":true,"href":"https:\/\/melbet.plus\/argentina\/wp-json\/wp\/v2\/comments?post=727"}],"version-history":[{"count":9,"href":"https:\/\/melbet.plus\/argentina\/wp-json\/wp\/v2\/pages\/727\/revisions"}],"predecessor-version":[{"id":970,"href":"https:\/\/melbet.plus\/argentina\/wp-json\/wp\/v2\/pages\/727\/revisions\/970"}],"up":[{"embeddable":true,"href":"https:\/\/melbet.plus\/argentina\/wp-json\/wp\/v2\/pages\/152"}],"wp:attachment":[{"href":"https:\/\/melbet.plus\/argentina\/wp-json\/wp\/v2\/media?parent=727"}],"curies":[{"name":"wp","href":"https:\/\/api.w.org\/{rel}","templated":true}]}}